{"id":15695,"date":"2022-06-07T16:05:59","date_gmt":"2022-06-07T16:05:59","guid":{"rendered":"https:\/\/www.arquidiocesismty.org\/arquimty\/?page_id=15695"},"modified":"2022-06-07T21:01:24","modified_gmt":"2022-06-08T02:01:24","slug":"se-lleva-a-caba-reunion-de-la-provincia-eclesiastica-de-monterrey","status":"publish","type":"page","link":"https:\/\/www.arquidiocesismty.org\/arquimty\/se-lleva-a-caba-reunion-de-la-provincia-eclesiastica-de-monterrey\/","title":{"rendered":"SE LLEVA A CABA REUNI\u00d3N DE LA PROVINCIA ECLESI\u00c1STICA DE MONTERREY"},"content":{"rendered":"<p><em>Por: Juan Pablo V\u00e1zquez Rodr\u00edguez<\/em><br \/>\n<em>Monterrey, N.L. (www.pastoralsiglo21.org).- 07 de junio del 2022<\/em><\/p>\n<p><strong>Los d\u00edas 6, 7 y 8 de junio se estar\u00e1 llevando a cabo la reuni\u00f3n de la Provincia Eclesi\u00e1stica de Monterrey, la cual comprende 8 di\u00f3cesis del Noreste de M\u00e9xico: Piedras Negras, Saltillo, Nuevo Laredo, Linares, Matamoros, Cd. Victoria, Tampico y Monterrey.<\/strong><\/p>\n<p>Despu\u00e9s de un par de a\u00f1os de no poderse llevar a cabo, la reuni\u00f3n en la que est\u00e1n participando presb\u00edteros y Obispos se realiza en la Di\u00f3cesis de Nuevo Laredo.<\/p>\n<p><strong>Esta reuni\u00f3n se lleva a cabo para que los padres convivan, se conozcan, tengan espacios para rezar en comunidad, celebrar la misa, dialogar y recibir una formaci\u00f3n todos juntos.<\/strong><\/p>\n<p>Adem\u00e1s del acercamiento entre obispos y sacerdotes,\u00a0 en este encuentro, se tocar\u00e1n temas relevantes, como lo es la migraci\u00f3n y los derechos humanos.<\/p>\n<p>Los obispos estar\u00e1n tres d\u00edas en Nuevo Laredo, participar\u00e1 todo el presbiterio de Nuevo Laredo, el lunes se reunieron por la tarde en la Catedral del Esp\u00edritu Santo; martes, en la Iglesia Sagrados Corazones y el mi\u00e9rcoles a las 10:00 de la ma\u00f1ana, cerrar\u00e1n las actividades p\u00fablicas con una misa en la Catedral.<\/p>\n","protected":false},"excerpt":{"rendered":"<p>Por: Juan Pablo V\u00e1zquez Rodr\u00edguez Monterrey, N.L. (www.pastoralsiglo21.org).- 07 de junio del 2022 Los d\u00edas 6, 7 y 8 de junio se estar\u00e1 llevando a cabo<span class=\"excerpt-hellip\"> [\u2026]<\/span><\/p>\n","protected":false},"author":1,"featured_media":15697,"parent":0,"menu_order":0,"comment_status":"closed","ping_status":"closed","template":"","meta":[],"_links":{"self":[{"href":"https:\/\/www.arquidiocesismty.org\/arquimty\/wp-json\/wp\/v2\/pages\/15695"}],"collection":[{"href":"https:\/\/www.arquidiocesismty.org\/arquimty\/wp-json\/wp\/v2\/pages"}],"about":[{"href":"https:\/\/www.arquidiocesismty.org\/arquimty\/wp-json\/wp\/v2\/types\/page"}],"author":[{"embeddable":true,"href":"https:\/\/www.arquidiocesismty.org\/arquimty\/wp-json\/wp\/v2\/users\/1"}],"replies":[{"embeddable":true,"href":"https:\/\/www.arquidiocesismty.org\/arquimty\/wp-json\/wp\/v2\/comments?post=15695"}],"version-history":[{"count":1,"href":"https:\/\/www.arquidiocesismty.org\/arquimty\/wp-json\/wp\/v2\/pages\/15695\/revisions"}],"predecessor-version":[{"id":15696,"href":"https:\/\/www.arquidiocesismty.org\/arquimty\/wp-json\/wp\/v2\/pages\/15695\/revisions\/15696"}],"wp:featuredmedia":[{"embeddable":true,"href":"https:\/\/www.arquidiocesismty.org\/arquimty\/wp-json\/wp\/v2\/media\/15697"}],"wp:attachment":[{"href":"https:\/\/www.arquidiocesismty.org\/arquimty\/wp-json\/wp\/v2\/media?parent=15695"}],"curies":[{"name":"wp","href":"https:\/\/api.w.org\/{rel}","templated":true}]}}

SE LLEVA A CABA REUNIÓN DE LA PROVINCIA ECLESIÁSTICA DE MONTERREY

<p><em>Por: Juan Pablo Vázquez Rodríguez</em><br />
<em>Monterrey, N.L. (www.pastoralsiglo21.org).- 07 de junio del 2022</em></p>
<p><strong>Los días 6, 7 y 8 de junio se estará llevando a cabo la reunión de la Provincia Eclesiástica de Monterrey, la cual comprende 8 diócesis del Noreste de México: Piedras Negras, Saltillo, Nuevo Laredo, Linares, Matamoros, Cd. Victoria, Tampico y Monterrey.</strong></p>
<p>Después de un par de años de no poderse llevar a cabo, la reunión en la que están participando presbíteros y Obispos se realiza en la Diócesis de Nuevo Laredo.</p>
<p><strong>Esta reunión se lleva a cabo para que los padres convivan, se conozcan, tengan espacios para rezar en comunidad, celebrar la misa, dialogar y recibir una formación todos juntos.</strong></p>
<p>Además del acercamiento entre obispos y sacerdotes,  en este encuentro, se tocarán temas relevantes, como lo es la migración y los derechos humanos.</p>
<p>Los obispos estarán tres días en Nuevo Laredo, participará todo el presbiterio de Nuevo Laredo, el lunes se reunieron por la tarde en la Catedral del Espíritu Santo; martes, en la Iglesia Sagrados Corazones y el miércoles a las 10:00 de la mañana, cerrarán las actividades públicas con una misa en la Catedral.</p>

<p>Por: Juan Pablo Vázquez Rodríguez Monterrey, N.L. (www.pastoralsiglo21.org).- 07 de junio del 2022 Los días 6, 7 y 8 de junio se estará llevando a cabo<span class="excerpt-hellip"> […]</span></p>
